of 457912374 and 12252.
6126
What is the highest common factor of 21791 and 4549006?
77
What is the highest common divisor of 1089329 and 326?
163
Calculate the highest common factor of 54 and 855432360.
54
What is the highest common factor of 220091 and 84836?
127
What is the highest common factor of 20558175 and 825?
825
What is the highest common divisor of 7530 and 22395?
15
Calculate the greatest common factor of 9462418 and 266.
266
What is the highest common divisor of 1907881 and 464?
29
What is the highest common factor of 8722 and 507444?
98
Calculate the greatest common factor of 2281 and 661905142.
2281
What is the greatest common factor of 3820700 and 76700?
1300
Calculate the highest common divisor of 981 and 56978006.
109
What is the greatest common factor of 329622 and 91242?
822
What is the highest common factor of 168700 and 380450?
350
Calculate the greatest common divisor of 251511 and 2496.
39
What is the highest common factor of 1451126 and 4354?
622
What is the greatest common divisor of 70302648 and 21801?
507
Calculate the highest common factor of 22185 and 11749635.
765
What is the greatest common factor of 10005 and 1130?
5
Calculate the highest common factor of 3309340 and 9900.
20
What is the highest common divisor of 13930352 and 5772?
148
Calculate the greatest common divisor of 3535 and 264635.
35
What is the highest common divisor of 29627767 and 1371?
457
What is the greatest common factor of 9103218 and 1551138?
3702
What is the highest common factor of 16717 and 1329038?
73
What is the highest common divisor of 38120 and 4520?
40
Calculate the greatest common divisor of 9462519 and 891.
99
Calculate the greatest common factor of 59134804 and 8366.
178
Calculate the highest common factor of 424 and 28766386.
106
Calculate the greatest common factor of 2983 and 182483298.
157
Calculate the highest common divisor of 25156166 and 406.
406
Calculate the greatest common factor of 27195 and 234136.
259
What is the highest common divisor of 17402 and 14822549?
791
What is the highest common divisor of 359421489 and 27?
27
Calculate the greatest common factor of 18255 and 82560063.
3651
What is the highest common divisor of 450168 and 3200?
8
Calculate the greatest common divisor of 36233 and 19209.
19
What is the highest common divisor of 812 and 833252?
28
What is the highest common divisor of 6 and 164973594?
6
What is the greatest common divisor of 5004 and 12204?
36
What is the greatest common divisor of 115128 and 9388548?
1404
Calculate the highest common divisor of 10792 and 1738648.
568
Calculate the greatest common divisor of 422752419 and 54.
27
What is the highest common factor of 2382735 and 45?
15
Calculate the greatest common factor of 10397657 and 28783.
269
Calculate the greatest common divisor of 15249644 and 713.
713
Calculate the greatest common divisor of 851 and 15763.
1
Calculate the highest common factor of 6950 and 452521450.
6950
Calculate the greatest common factor of 1554 and 237902.
14
What is the highest common divisor of 301832985 and 30?
15
Calculate the greatest common divisor of 1 and 7217807.
1
Calculate the highest common factor of 222015 and 114.
57
Calculate the greatest common factor of 2956 and 14636.
4
Calculate the highest common factor of 9823 and 300941.
893
What is the highest common factor of 2424 and 116736?
24
Calculate the greatest common divisor of 227115 and 38565.
45
Calculate the highest common divisor of 932943 and 56067.
33
What is the highest common divisor of 402113 and 29293?
2663
Calculate the highest common divisor of 17493 and 425901.
357
Calculate the greatest common factor of 23354396 and 493.
493
Calculate the highest common factor of 129605682 and 1138.
1138
What is the highest common divisor of 282149319 and 47010?
4701
What is the highest common divisor of 39144 and 10788366?
1398
What is the greatest common divisor of 6675088 and 348?
4
What is the highest common divisor of 1960 and 154373030?
490
What is the greatest common divisor of 337222 and 590957?
1637
Calculate the greatest common divisor of 29471 and 715.
13
What is the greatest common divisor of 45 and 1433745?
45
What is the highest common factor of 416 and 3238118?
26
Calculate the highest common factor of 59094 and 290934.
126
What is the highest common divisor of 6158112 and 644?
92
Calculate the highest common factor of 7225 and 926245.
1445
What is the greatest common factor of 39816 and 32043585?
1659
Calculate the highest common divisor of 261 and 288108.
9
What is the greatest common factor of 253404912 and 96?
48
Calculate the highest common divisor of 1254 and 1227270.
66
Calculate the greatest common divisor of 12310 and 4230.
10
What is the highest common factor of 5665015 and 60?
5
Calculate the highest common divisor of 7085728 and 2496.
416
What is the highest common factor of 3364328 and 31438?
22
Calculate the greatest common divisor of 1491 and 2936276.
497
What is the greatest common factor of 64 and 582892784?
16
Calculate the greatest common divisor of 3282518 and 584.
146
Calculate the highest common divisor of 224420 and 9310.
490
Calculate the highest common factor of 13 and 1467128.
13
Calculate the highest common divisor of 65609400 and 645.
645
Calculate the highest common divisor of 646548 and 16254.
1806
Calculate the greatest common factor of 22334 and 516308.
26
Calculate the highest common divisor of 779155 and 10920.
65
Calculate the greatest common factor of 2997324 and 209.
11
Calculate the highest common divisor of 25098 and 328944.
534
Calculate the highest common divisor of 162393 and 36648093.
2109
What is the highest common divisor of 205377 and 2499?
51
Calculate the greatest common divisor of 5013 and 554652.
9
Calculate the greatest common divisor of 2263641 and 608.
19
What is the greatest common factor of 29023518 and 7?
1
What is the greatest common factor of 178 and 337201420?
178
Calculate the greatest common factor of 9664114 and 1529.
139
Calculate the greatest common factor of 185371016 and 232.
232
What is the highest common factor of 6540820 and 2288?
572
Calculate the highest common factor of 822126304 and 2672.
2672
What is the highest common factor of 3550 and 11981250?
3550
Calculate the highest common divisor of 376671 and 57.
3
What is the highest common factor of 44597 and 91313327?
1939
Calculate the greatest common factor of 6746463 and 9.
9
Calculate the highest common divisor of 13100973 and 963.
321
Calculate the greatest common divisor of 165235 and 28350.
35
What is the greatest common divisor of 94500 and 16066890?
1890
Calculate the greatest common divisor of 31757145 and 735.
735
What is the highest common factor of 3738 and 23817201?
267
What is the highest common factor of 276261 and 8875?
71
What is the highest common divisor of 374068816 and 13952?
1744
Calculate the highest common factor of 553 and 290945861.
79
Calculate the highest common divisor of 374 and 494142.
22
Calculate the highest common divisor of 56 and 5251050.
14
What is the highest common factor of 9054 and 12972370?
1006
Calculate the highest common divisor of 4009180 and 150.
10
Calculate the highest common divisor of 629 and 4926702.
17
What is the greatest common factor of 20048 and 101177244?
5012
What is the greatest common factor of 79748098 and 37?
37
What is the greatest common factor of 249 and 62954421?
249
What is the highest common divisor of 3600 and 76469700?
300
What is the highest common factor of 1568445 and 465?
465
What is the greatest common factor of 10752815 and 14035?
2005
Calculate the highest common divisor of 245987331 and 12546.
2091
Calculate the highest common factor of 472 and 37946204.
236
What is the greatest common divisor of 1762271 and 3861550?
7021
What is the greatest common divisor of 2788 and 478856?
68
What is the greatest common factor of 1167 and 208479493?
389
What is the greatest common factor of 63860240 and 20?
20
Calculate the highest common factor of 1078495352 and 3674.
3674
What is the highest common divisor of 16335 and 98094942?
3267
What is the greatest common divisor of 2050 and 31190?
10
Calculate the greatest common divisor of 63501755 and 1118.
43
Calculate the greatest common factor of 1